rue
Is 34169582 a multiple of 23?
True
Is 3688858 a multiple of 54?
False
Is 4 a factor of 40690721?
False
Is 406520751 a multiple of 21?
True
Is 19932556 a multiple of 28?
True
Is 44191656 a multiple of 27?
True
Is 137049360 a multiple of 60?
True
Does 29 divide 1144817252?
False
Is 62 a factor of 118439654?
True
Is 379871790 a multiple of 1522?
False
Does 259 divide 419055469?
False
Is 217 a factor of 122980193?
True
Does 298 divide 1375276476?
False
Is 72268248 even?
True
Is 88 a factor of 24199824?
True
Does 3375 divide 1704538517?
False
Is 3 a factor of 74086158?
True
Does 305 divide 62137545?
False
Is 107 a factor of 4564550?
False
Is 403984251 a multiple of 57?
True
Does 3 divide 20418378?
True
Is 351258216 a multiple of 296?
False
Does 2095 divide 88019330?
True
Does 197 divide 118423200?
False
Does 15 divide 57168600?
True
Is 19535330 a multiple of 7783?
True
Is 38170704 a multiple of 176?
True
Does 35 divide 1083054946?
False
Does 259 divide 466057854?
False
Is 32497188 a multiple of 10?
False
Does 9284 divide 909361957?
False
Is 24 a factor of 154183536?
True
Is 194940690 a multiple of 105?
True
Is 23042419 a multiple of 198?
False
Is 3809 a factor of 405532803?
True
Is 10 a factor of 154872770?
True
Does 419 divide 1358860?
False
Is 10 a factor of 7261068?
False
Is 826 a factor of 21148415?
False
Is 44133700 a multiple of 260?
True
Is 725354465 a multiple of 24?
False
Is 363672919 a multiple of 953?
False
Is 532 a factor of 72105684?
True
Is 2 a factor of 727464?
True
Does 19 divide 48190501?
False
Does 202 divide 266174298?
False
Does 21 divide 294189554?
False
Does 29 divide 20374037?
True
Is 535 a factor of 55663934?
False
Does 5 divide 222771793?
False
Is 4302 a factor of 47034905?
False
Is 7 a factor of 58259208?
True
Is 45768778 a multiple of 74?
True
Does 3 divide 51611139?
True
Is 9 a factor of 169151782?
False
Does 23 divide 37986363?
True
Is 6729212 a multiple of 844?
True
Is 251 a factor of 175339564?
True
Is 13039406 a multiple of 86?
True
Is 605890413 a multiple of 2699?
True
Does 119 divide 17648192?
False
Does 6316 divide 2366775703?
False
Does 11 divide 9754470?
True
Is 7711449732 a multiple of 1854?
True
Is 2139 a factor of 112911393?
True
Is 21307936 a multiple of 368?
True
Does 13 divide 155153002?
False
Does 6 divide 12415398?
True
Does 139 divide 5723380?
False
Is 33903440 a multiple of 1360?
True
Is 77 a factor of 3480639162?
True
Is 4602052 a multiple of 91?
True
Is 7 a factor of 216694827?
False
Is 3878757688 a multiple of 42?
False
Is 1303 a factor of 1433513751?
False
Is 153 a factor of 26752662?
True
Is 12 a factor of 451936909?
False
Is 10946760 a multiple of 60?
True
Is 57 a factor of 12246704?
False
Does 101 divide 142849451?
True
Does 7 divide 139885815?
False
Is 125 a factor of 19069388?
False
Is 1126 a factor of 825560737?
False
Does 9 divide 3734523?
True
Is 22823736 a multiple of 312?
True
Is 3629259555 a multiple of 1232?
False
Does 5334 divide 25259955?
False
Does 7 divide 426033111?
True
Does 12 divide 16349425?
False
Is 486667173 a multiple of 42?
False
Is 305995534 a multiple of 5174?
True
Is 71 a factor of 19088470?
False
Is 291 a factor of 119515819?
False
Is 65 a factor of 227276985?
True
Is 5 a factor of 8844450?
True
Is 397 a factor of 34521135?
True
Is 291 a factor of 9745128?
False
Is 224 a factor of 556419156?
False
Is 426 a factor of 82193909?
False
Is 58 a factor of 81886785?
False
Is 139953390 a multiple of 19?
False
Does 6 divide 146669670?
True
Does 52 divide 90469021?
False
Is 132 a factor of 70629599?
False
Is 8 a factor of 36166016?
True
Is 118 a factor of 2896809837?
False
Is 191855160 a multiple of 6?
True
Does 360 divide 19598782?
False
Is 94 a factor of 1296999940?
False
Is 1273 a factor of 8909998150?
False
Does 1154 divide 394368479?
False
Is 1631 a factor of 1259378458?
False
Is 308908202 a multiple of 422?
False
Is 110823402 a multiple of 6?
True
Is 43710674 a multiple of 59?
False
Is 5235516 a multiple of 27?
True
Is 66928500 a multiple of 321?
True
Is 4 a factor of 31593115?
False
Is 2782236 a multiple of 12?
True
Is 86529051 a multiple of 777?
True
Does 8 divide 681563568?
True
Does 703 divide 40398368?
False
Is 14 a factor of 104367340?
True
Does 8 divide 182678392?
True
Does 829 divide 1365582685?
True
Does 1019 divide 2213326083?
True
Is 132490876 a multiple of 337?
True
Is 18 a factor of 153962011?
False
Is 45408222 a multiple of 18?
True
Does 6 divide 34732596?
True
Does 25 divide 498256256?
False
Does 55 divide 21181249?
False
Is 57 a factor of 95621490?
True
Is 2382 a factor of 246385400?
False
Is 3247 a factor of 3314138219?
True
Is 48 a factor of 5005756891?
False
Is 10768289 a multiple of 129?
False
Is 123123680 a multiple of 10?
True
Is 6842199 a multiple of 21?
True
Does 888 divide 69129024?
True
Does 375 divide 30133875?
True
Is 3642146 a multiple of 3?
False
Is 2958173603 a multiple of 2885?
False
Does 19 divide 98646252?
True
Is 126303557 a multiple of 4451?
False
Does 56 divide 101058574?
False
Does 978 divide 33558292?
False
Is 392990061 a multiple of 4?
False
Is 2195347 a multiple of 539?
True
Does 13 divide 6228833?
True
Is 20861275 a multiple of 25?
True
Does 9 divide 382720122?
True
Is 59178292 a multiple of 974?
True
Is 2876 a factor of 519158264?
True
Does 338 divide 38316462?
False
Is 14643148 a multiple of 2275?
False
Is 1040043957 a multiple of 255?
False
Does 1782 divide 323882833?
False
Does 372 divide 10801764?
True
Is 6701 a factor of 2344015849?
False
Is 197 a factor of 75008161?
False
Is 4219588 a multiple of 662?
True
Is 80 a factor of 227515154?
False
Does 1538 divide 20478470?
True
Is 981 a factor of 24293264?
False
Does 245 divide 73353035?
False
Is 2109 a factor of 225774777?
True
Does 13 divide 408368256?
False
Is 14065033 a multiple of 6?
False
Is 29 a factor of 96412575?
False
Does 6 divide 216613404?
True
Is 452025830 a multiple of 11?
False
Is 6085926 a multiple of 33?
True
Is 64903596 a multiple of 309?
True
Is 10 a factor of 927792695?
False
Is 9 a factor of 61111244?
False
Is 11 a factor of 23177634?
False
Is 261 a factor of 9961326?
True
Does 12 divide 62416116?
True
Does 164 divide 23130724?
True
Does 10 divide 8277742?
False
Does 97 divide 462247039?
False
Does 574 divide 93613086?
True
Is 865475850 a multiple of 1005?
True
Does 51 divide 6878933?
False
Does 35 divide 514981285?
True
Does 26 divide 4311424?
True
Does 3383 divide 58437942?
True
Is 10756355 a multiple of 87?
False
Is 20255409 a multiple of 278?
False
Is 1980809610 a multiple of 10?
True
Is 402255225 a multiple of 1515?
True
Does 743 divide 147356621?
False
Is 10 a factor of 70823030?
True
Is 5813082 a multiple of 11?
True
Is 772319430 a multiple of 13?
False
Is 209647132 a multiple of 9688?
False
Does 246 divide 775573?
False
Is 14 a factor of 114417198?
True
Is 17535320 a multiple of 55?
True
Is 267 a factor of 3711567?
True
Is 10 a factor of 263278880?
True
Is 98 a factor of 19998860?
True
Is 2058 a factor of 7818465?
False
Is 436363564 a multiple of 5642?
True
Is 60 a factor of 109988640?
True
Is 770676300 a multiple of 64?
False
Is 497 a factor of 140255992?
False
Is 1300133784 a multiple of 4418?
False
Is 20 a factor of 664483380?
True
Is 59 a factor of 3287154?
False
Is 2376967127 a multiple of 240?
False
Does 113 divide 40687167?
False
Is 741 a factor of 66103869?
True
Does 1021 divide 4423741?
False
Is 83 a factor of 289741712?
True
Is 187654 a multiple of 83?
False
Is 92 a factor of 7361349?
False
Is 19225430 a multiple of 14?
True
Is 3204284161 a multiple of 492?
False
Is 16 a factor of 4137203308?
False
Is 68659311 a multiple of 583?
False
Does 372 divide 56427489?
False
Does 694 divide 11156744?
True
Is 45413756 a multiple of 8?
False
Is 75 a factor of 4197322?
False
Is 15 a factor of 7226280?
True
Does 353 divide 127710811?
True
Is 157 a factor of 43295262?
True
Does 2327 divide 140655515?
True
Does 122 divide 673678592?
False
Is 21 a factor of 26921265?
True
Is 58328969 a multiple of 268?
False
Is 796 a factor of 41093614?
False
Is 21589093 a multiple of 18?
False
Is 852 a factor of 53674296?
True
Is 1350900184 a multiple of 2754?
False
Is 100444434 a multiple of 123?
False
Is 171201318 a multiple of 92?
False
Is 909 a factor of 761509